2. List the prime factors of i.
3, 23
Let o(b) = 3*b**3 + 2*b**2 - 3*b + 2. Let r be o(2). Let h = -23 + r. Suppose -3*l = 2*l + h*m - 195, 4*l = m + 181. What are the prime factors of l?
2, 11
Let u = -4 - 0. Let c = 5 - u. List the prime factors of 80/6 + 6/c.
2, 7
Let m(z) = -z**2 - 12*z - 28. Let p be m(-9). What are the prime factors of (424 + p)/3 - 1?
2, 5, 7
Let s be ((-33)/55)/(6/(-20)). Suppose -2*b + 152 = s*b. List the prime factors of b.
2, 19
Let t(d) = 44*d**2 + 11*d + 6. What are the prime factors of t(5)?
3, 43
Suppose 4*d - 1381 = 3*r, 7*r + 9 = 4*r. Suppose -5*h = -2*b - d, -7*b - 341 = -5*h - 3*b. What are the prime factors of h?
3, 23
Let x be 10*23*(-4)/(-10). Let g = 31 + 0. Suppose -x = -4*q - z - 12, -3*z + g = q. List the prime factors of q.
19
Suppose -5*g = -25, -2*g + 10 = -w - w. Let o(f) = -f**2 + 19. Let j be o(w). What are the prime factors of j - (1 - (3 - 2))?
19
Let m(t) = -t**3 + 18*t**2 + 3*t - 11. Let u be m(18). Let q = u + 52. List the prime factors of q.
5, 19
Let d(l) = 3*l**3 + l - 1. Let s be d(2). Suppose 16*f - 423 + 135 = 0. Let u = s - f. List the prime factors of u.
7
Let i = -13 + 10. List the prime factors of 5950/51 + (-1)/i.
3, 13
Suppose -4*f + 18 = q + q, 5*q - 21 = 2*f. Let k be (-49)/(-2) - (-1)/2. Suppose 0 = q*b - k - 5. List the prime factors of b.
2, 3
Let t(h) = -1499*h - 375. What are the prime factors of t(-2)?
43, 61
Let x(g) = -43*g - 46. Let j(k) = 21*k + 23. Let q(a) = 9*j(a) + 4*x(a). List the prime factors of q(12).
227
Suppose 0 = z + 4*z + 100. Let r(c) = c**2 + 21*c + 23. What are the prime factors of r(z)?
3
Let n(r) = 27*r**2 - 3*r + 4. Let i be n(2). Suppose -i = -4*g + 86. List the prime factors of g.
2, 3
Let n(d) = 3*d**2 + 4*d - 2. Let o be n(-4). Let q(y) = 2*y**3 + 6*y**2 + 5*y - 3. Let v be q(-2). List the prime factors of 2/v*o/(-6).
2
Let i = 48 - 110. Let a = 187 - i. List the prime factors of a.
3, 83
Suppose -7*z + 272 = -260. What are the prime factors of z?
2, 19
Suppose 0*k + 5*u = -3*k + 1372, 4*u = 5*k - 2336. Suppose k = 8*l - 960. List the prime factors of l.
2, 89
Let p(w) = 10*w**2 - 8*w + 7. What are the prime factors of p(7)?
3, 7
Suppose 3*f - 518 = -35. Let t = f - 110. Suppose k + 4*p = t, k - 4*p + 4 = 23. What are the prime factors of k?
5, 7
Let y = 3425 - 2198. List the prime factors of y.
3, 409
Suppose 0*l - 76 = -3*l - y, -4*y - 8 = -l. List the prime factors of ((-1)/2)/((-1)/l).
2, 3
Suppose p - 5 + 3 = 0. Let o = p - 2. Suppose o = -2*r - 4*r + 222. List the prime factors of r.
37
Let i = -107 - -109. Suppose 0 = q + 4 - 6. Suppose 20 = n - q*w - 16, -3*w + 44 = i*n. List the prime factors of n.
2, 7
Let x(t) be the third derivative of t**5/60 + 5*t**4/8 + 4*t**3/3 - 2*t**2. Let g be x(-15). What are the prime factors of 2*(1 - (-252)/g)?
5, 13
Let u(y) = 6*y - 9. Let k = 24 - 16. List the prime factors of u(k).
3, 13
Let o = -561 - -872. List the prime factors of o.
311
Let i(v) = 31 + 6*v + 14*v + 0*v**2 + 8*v**2 - v**3 + 10*v**2. What are the prime factors of i(19)?
2, 5
List the prime factors of 3 + (0 + 3 - -1164).
2, 3, 5, 13
Let k(x) = 14*x + 114. Let v be k(-8). Let d be (2 - 1)/((-4)/(-24)). List the prime factors of d/v + -17 + 76.
2, 31
Let f = 742 - 373. List the prime factors of f.
3, 41
Let n(r) = -4*r**3 - 4*r**2 - 93*r - 499. List the prime factors of n(-5).
2, 3, 61
Suppose -k = 2*x - 593, -2*k + 5*x = -0*x - 1231. List the prime factors of k.
3, 67
Let p = -56 + 247. Let f = p + -76. What are the prime factors of f?
5, 23
Let g = 111 + -109. Suppose 5*n + g*o = 1426, 4*n - n + o = 855. List the prime factors of n.
2, 71
Suppose -2*c - z = -0*c - 1365, -2760 = -4*c + 4*z. List the prime factors of c.
5, 137
Suppose 4768 - 14448 = -11*q. List the prime factors of q.
2, 5, 11
Suppose -5 = -m - 4*m, -m = 5*i - 881. Suppose 7*t - 531 = i. Suppose -4*h + 2*u = -80, 21 - t = -4*h - 3*u. List the prime factors of h.
2, 5
Let l(c) = -12*c**2 + 2*c + 3. Let h be l(4). Let z = -89 - h. What are the prime factors of z?
2, 23
Let w(o) = o + 36. Let j = -37 + 55. Let v be 286/j - 7/(-63). List the prime factors of w(v).
2, 13
Let o = 20 + -20. Suppose 2*c - 9*c = o. Suppose c*b - 2*b + 4*w + 44 = 0, b = -5*w + 1. List the prime factors of b.
2
List the prime factors of ((-12)/(-18))/((-2)/(-501)).
167
Let c = -3514 - -5097. What are the prime factors of c?
1583
Let j(v) = -v**3 + 7*v**2 - 18*v + 14. Let t be j(14). What are the prime factors of t/4*(-120)/150?
2, 7, 23
Suppose 4*s + s - 480 = 0. Let f(b) = -b**2 - 23*b + 114. Let t be f(-27). Suppose -t*m - s = -8*m. List the prime factors of m.
2, 3
Suppose 0 = -2*n - 4*d + 158, -3*n + d - 4*d = -237. Let l = n - -41. List the prime factors of l.
2, 3, 5
Let t = -149 - -349. List the prime factors of t.
2, 5
Let c(d) = -3*d**3 - 7*d**2 + 51*d + 27. What are the prime factors of c(-9)?
2, 3, 11
Let x(u) = 4*u - 83. Let i be x(0). Let y = 124 + i. List the prime factors of y.
41
Let h(w) = 34*w**2 - 42*w + 59. List the prime factors of h(12).
4451
Suppose f = 3*i + 174, 4*f - f + i - 552 = 0. What are the prime factors of f?
3, 61
Let p = -1228 + 1913. List the prime factors of p.
5, 137
Let g = 2 + 7. Let j(o) = 3 + 4 - g - 7*o. What are the prime factors of j(-3)?
19
Let f(p) = -p**3 - 45*p**2 - 33*p - 240. What are the prime factors of f(-45)?
3, 5, 83
Suppose j = 5*n + 3*j - 1363, j + 820 = 3*n. Suppose -c - 5*t = -57, 5*t = -7*c + 3*c + n. What are the prime factors of c?
2, 3
Let r(g) = -6*g**2 - 3*g - 1. Let x be r(-3). Let n = x + 146. What are the prime factors of n?
2, 5
List the prime factors of 126/1071 - (-52764)/34.
2, 97
Suppose 0 = 5*g - 4*v - 686, 1 = 4*v + 17. List the prime factors of 3 + (g - (3 - 5)) - -4.
11, 13
Let b be 2*(-1)/2 + 4. Let q = 10 - b. Let k = -5 + q. What are the prime factors of k?
2
Suppose -3*b + 0*b = -54. What are the prime factors of 4/b + (-7386)/(-54) + 4?
3, 47
Let k be (-6)/8 - (-441)/(-36). List the prime factors of (3 - k/(-3))*-3.
2
Suppose m = 4*k - 18347, -3*m - 14331 = -3*k - 564. List the prime factors of k.
2, 2293
List the prime factors of 21819/9 - 19/(285/(-10)).
5, 97
Suppose 233 = 5*n - 2*y, 5*y = 4*n - 76 - 124. List the prime factors of 1161/n - (-2)/10.
2, 13
Let j be (-6 + 4)/(2/3). Let k be -2*j/(-2) + 3. Suppose -3*p - 15 = k, -p = -4*m - m + 160. What are the prime factors of m?
31
Suppose 0 = 4*d + d - 25, 16 = 3*n - d. Let h(a) = 6 - 3*a - 5 + a**2 + 0*a**2. List the prime factors of h(n).
29
Suppose -576 = 22*a - 26*a. What are the prime factors of a?
2, 3
Let y be (20/30)/(1/3) - -13. Suppose z = 3*z - 10. Suppose 0 = -z*k + 2*q + 30, 0 = 5*k - 2*q + 3*q - y. What are the prime factors of k?
2
Let y = -492 + 926. What are the prime factors of y?
2, 7, 31
Let h = 531 - 193. What are the prime factors of h?
2, 13
Suppose -y = -3*d - 3*y + 24, 4*d - 32 = y. List the prime factors of d - (1 + 12/4).
2
Let x(w) = w**2 + 17*w + 1068. List the prime factors of x(0).
2, 3, 89
Let l = -52 - -200. Let a be 8/(-12) - l/(-6). What are the prime factors of (-15)/(-36)*3*a?
2, 3, 5
Suppose -5*i = -i - 20. Suppose -o = -i*o + 316. List the prime factors of o.
79
Let f = 760 + -115. List the prime factors of f.
3, 5, 43
Suppose -46*p = -45*p - 33. Let f = -2 - -5. Suppose 2*c = p - f. What are the prime factors of c?
3, 5
Let c = 3 - -8. Suppose 1 = 5*t + c. Let q(k) = k**3 + 5*k**2 + 3*k + 2. List the prime factors of q(t).
2
Let q = -7 - -7. Let u be (q - 5)*(3 + -20). Suppose 2*o = -0*i - 5*i + u, 5*o = -3*i + 51. List the prime factors of i.
17
Let f(o) = -o**3 + 3*o + 191. Let u be f(0). Let l = -95 + u. List the prime factors of l.
2, 3
Let t(k) = -83*k + 9. Let i be t(-3). Suppose y + 23 = 3*p - 180, -i = -4*p - 5*y. List the prime factors of p.
67
Let s be ((-2)/6)/((-7)/(-273)). Suppose 5*f + 53 = 3*y, 0 = y - 2*f - 24 + 7. Let z = y + s. What are the prime factors of z?
2
What are the prime factors of 93456/78 + -9 - (-6)/(-39)?
29, 41
Suppose 61*h + 2565 = 66*h. Suppose -15*b + 12*b = -h. What are the prime factors of b?
3, 19
Suppose 2*m - 8 = -0*m. Let z(x) = 25*x - 4. Let i(t) = -24*t + 4. Let v(o) = m*z(o) + 5*i(o). What are the prime factors of v(-2)?
2, 11
Suppose i - 4*z + 89 - 566 = 0, 4*z = -2*i + 89